 + (-2 - -6) - (2 - 0)?
1
Calculate -71 - -50 - (1 - 0) - (3 + -1).
-24
Evaluate (-1 - 5) + (17 - (7 - -5 - 0)).
-1
Calculate 49 - 58 - 25 - (-9 - 0).
-25
Evaluate (-15 - -1) + (6 - -12) + -21.
-17
What is 37 + (-27 - (5 + -16) - -4)?
25
What is the value of -2 - 0 - (10 + (-8 - -6)) - -7?
-3
What is 6 - (9 + (-17 - 4))?
18
40 + -15 + -25 + -4
-4
What is (-6 - -13) + (-4 - 9) + 13?
7
Evaluate -16 + 4 + 4 + 10.
2
Evaluate -10 + -5 + 5 - (-19 + 11).
-2
What is the value of 18 - (-1 - (36 - 25))?
30
Evaluate -2 + -10 + 11 + 2 + (3 - 2).
2
3 + 13 + (-12 - -1 - -7)
12
-9 + (-6 - -7 - 1) + 5
-4
What is -13 - (10 + (-7 - (23 + 15)))?
22
702 + -687 + (-9 - -1)
7
What is 2 + -12 + (17 - 23) + 8 + 2?
-6
(5 - (3 - (3 - -2))) + 8
15
Evaluate 0 + -14 + 16 + -3.
-1
Evaluate 1 + -12 + 2 + 45 + -66 + 22.
-8
-3033 + 3028 + (3 + -2 - (2 - 1))
-5
What is -15 + (2 - 1 - -3) + (-1 - 3)?
-15
Calculate 12 + -7 - (-7 + 8 + 13 + -1).
-8
Evaluate (13 - (16 + -2)) + (0 - (-7 + 2)).
4
What is -16 - -1 - (-8 + -22)?
15
-1 + (4 - -13) - (51 - 44)
9
-26 - -40 - (4 - 2)
12
Calculate 7 - (-16 + 5) - 0.
18
What is (-8 - -12 - (-5 + 3)) + -8?
-2
Evaluate 16 - 2 - (-56 - -68) - (-3 + 10).
-5
What is (2 - (-2 - 24)) + 149 + -165?
12
(-8 - (-11 + (11 - 6))) + -5
-7
What is the value of (1 - -7) + (3 - 2) + -119 + 123?
13
What is the value of 17 - (6 - -11) - 19?
-19
Evaluate -30 + (-27 - (22 + -72)).
-7
What is -5 + -16 + 11 - -9?
-1
Calculate -32 - (10 + 5 - 24).
-23
(-4 - 3 - -2) + -3 + 11 - -6
9
What is 10 + 18 + -39 + 19?
8
What is -2 - 12 - (72 - 68)?
-18
Evaluate (-22 - -52) + -28 - 19.
-17
What is the value of (9 - (7 - -7)) + 8?
3
-1 + 0 + (5 - 3) + -4 + 5
2
Evaluate (27 - (9 - -7)) + 1 + -8.
4
Evaluate -10 + 1 - (29 - 31).
-7
Calculate 22 + 1 - 5 - -20.
38
Evaluate 11 + -2 + -18 - -18.
9
What is the value of 6 + 6 + -7 + -1 + 6?
10
Evaluate 20 - (9 - (-26 + 17)) - 13.
-11
-1 - (14 - (9 - 6))
-12
Evaluate (-9 - (7 + -7 - (5 + -6))) + -18.
-28
-7 + 1 + -8 + 10 - -13
9
What is (1 - -8) + -695 + 695?
9
Evaluate 9 + 0 + 10 + -4 - 1.
14
32 + 33 + -35 + -60
-30
Calculate 1 - (8 - 9) - 5 - 8.
-11
Evaluate -5 - (-1 + 0 + -1 - (462 - 447)).
12
Evaluate -3 - (6 - 6 - -7 - (9 - -1)).
0
What is 3 + -34 - (-13 - (-6 + 4) - -8)?
-28
What is (2 - 1) + -9 + (-11 - (-24 + 11))?
-6
Evaluate -5 + -31 + -2 - (26 + -41).
-23
What is the value of -48 + (-33 - -36 - -21)?
-24
Calculate 4 + -1 + (9 + 2 - 35).
-21
What is 36 + -16 - (8 + 3)?
9
Calculate -526 + 523 + 0 + 1 + -4.
-6
Evaluate 172 + -98 - (4 - -33).
37
Evaluate 21 - (17 - (9 - 25)).
-12
Calculate -28 + (2 + -10 - (0 - 11)).
-25
What is (-18 - -2) + 3 - -1?
-12
(-55 - (12 - 20)) + -1 + 18
-30
850 + -818 + -35 + 0
-3
Evaluate (-9 - -4 - -9 - 2) + 8.
10
Evaluate -4 + (4 - (-3 - -2)).
1
Evaluate -37 + 16 + (13 - -1).
-7
Calculate (12 - 13) + 8 + (-19 - 0) + -6.
-18
What is the value of 8 + -39 + 15 - -22?
6
7 + -5 - (1 - -2 - 6) - 0
5
(-3 - 8 - -9) + 4 + 3 + 1
6
Evaluate -3 + -3 + 0 - (-11 + -1).
6
What is the value of -4 - 9 - ((-6 - 7) + 19)?
-19
What is 15 + -17 + -15 + 3?
-14
What is 24 + -2 + -1 - 1?
20
-3 - (-6 + 0 + 7 - (-5 - 1))
-10
What is 5 - (-5 + 6 + 2)?
2
Evaluate (-42 - -10 - -8) + 11 + 14.
1
Calculate 654 - 631 - (-1 - -21).
3
What is -10 + 23 + -23 - (0 + 0) - -3?
-7
What is -15 - (16 + -2 + (185 - 238))?
24
What is the value of (-25 - (23 + -31)) + 21?
4
What is the value of -7 + (9 - (-6 + 18)) + 16?
6
-1 + -1 + -9 - 6 - (0 - 4)
-13
Calculate -3 + (-15 - (-1 + -1)) - -6.
-10
What is the value of -1 - (-9 + 12 + 9 + -1)?
-12
What is -14 - (-5 + 3) - (16 - 17)?
-11
(-25 - -17) + (17 - (-4 + 4))
9
2 - 1 - (-15 + (-2 - -7))
11
Evaluate (-29 - -12) + 11 - (5 + -4).
-7
Evaluate 15 + -9 - (-6 - 3 - -9).
6
-8 + (-3 - -5 - 4)
-10
Evaluate -3 + (-1 - (-2 - -8)) + 9.
-1
Calculate -29 - -1 - (32 + -24 + -22).
-14
Calculate 14 + (17 - 0 - (-59 + 68)).
22
Calculate -5 + 23 - (26 - 2).
-6
What is -793 - -793 - (-22 + 1)?
21
Calculate -4 + (20 + (3 - -1) - (-24 + 30)).
14
Evaluate -2 - 4 - (7 + (-9 - -13) - 4).
-13
Evaluate 20 + (-10 - (10 + -23 - -10)).
13
What is the value of 5 + (4 - (2 + 10 + -4))?
1
What is (-3 + 9 - -50) + -34?
22
-6 + 5 - (1 + 3 + (-14 - -16))
-7
10 + -1 - (50 + -46)
5
Calculate (14 - (6 - -2)) + 1 + 0 + -1.
6
What is the value of -14 + 2 + 11 + -4 + 0?
-5
What is (3 - (-3 - -5)) + -7 + 3 + -1?
-4
What is 26 + (25 - 27 - 19)?
5
Evaluate 12 + -10 + 3 + 2.
7
Calculate (2 - 16) + (59 - (-17 - -79)).
-17
357 - 362 - (12 + -3)
-14
Calculate 19 - (7 + (17 - 22) + -13).
30
What is the value of 10 + 1 + -3 + (-395 - -414)?
27
Calculate 7 - 5 - (-5 + (5 - -11)).
-9
Calculate 0 + 4 + -13 + (10 - (1 - -2)).
-2
-32 + 69 + -30 + -2 + -5
0
-10 + ((4 - -1) + 2 - -20 - 1)
16
What is -1 + (-30 - -13) + 5?
-13
Evaluate 9 + -7 - (-4 + 1).
5
What is -7 - ((1 + -5 - 3) + -1 + 12)?
-11
Calculate 7 + (6 + -2 - (-44 - -95)).
-40
What is the value of -15 - (9 - 0 - (-14 + 23 + -5))?
-20
(-54 - -48) + -2 + -3
-11
23 + -11 + 7 + -3 + -8
8
Calculate -28 + 2 + -17 + 20.
-23
-5 - (9 - 13 - -11) - -16
4
Calculate 7 + 5 + 3 - -3 - (16 - 13).
15
What is -12 + 0 - (1 - (-8 + 0) - 13)?
-8
Calculate (-1 + 4 - 1) + (-568 - -572).
6
What is the value of (-20 - (-21 + 10) - -6) + -11?
-14
Calculate -33 + (-31 - (-7 - 38)).
-19
What is the value of 17 + -29 + 37 + -17?
8
-3 + 14 + (-15 - -9) + -1 - 12
-8
What is the value of 3 - -1 - (-45 - -43) - (1 + 1)?
4
What is 29 + -28 + (-4 - -2) + -2?
-3
-9 + -26 + (18 - 5) + -1
-23
What is the value of (-2 - ((-3 - -4) + 1)) + 8 + -5?
-1
Calculate -10 + 2 - (-8 + (1 - -2)).
-3
Evaluate -10 - (13 - (21 + -10)).
-12
What is (0 - 0 - 9) + -18 + 92 + -40?
25
What is the value of (-7 + -23 - -55) + 1 + -16?
10
8 + -5 + 0 + 2 + 10 + -5
10
Evaluate -11 + (6 - -1) + (32 + -16 - 17).
-5
-2 + (-4 - (5 - 3))
-8
Evaluate -1 + 3 + (-5 + -7 - -32).
22
Calculate -22 - (-15 + (13 - (-14 + 15))).
-19
Evaluate -6 - (2 + -15 + 36 + -26).
-3
Calculate -24 - (-3 + (7 - 21)).
-7
Calculate -26 - (-6 + -11 - -2).
-11
What is -575 + 577 + 0 + -27?
-25
What is 7 + (-25 - -15 - -6) + -7?
-4
Calculate 8 + (3 - (4 + (-4 - -1))).
10
1 + (9 + 9 - 10) + 1 + -22
-12
-10 - (4 + 12 + -3)
-23
What is the value of -4 - (5 + -7) - (-19 + 25)?
-8
Calculate (-32 + 48 - -1) + -22.
-5
What is 11 - (31 + (-19 - -4))?
-5
What is the value of (-2 - (-4 - 1)) + (23 + -33 - -16)?
9
Calculate 20 - 1 - (241 - 233).
11
Calculate 5 + (1 + 6 - 19 - 6 - -6).
-7
Evaluate -3 + (0 - 0) + (404 - 416) - -5.
-10
Calculate 17 - (-2 + (-11 - -16)).
14
What is 15 + -7 + 9 + (-6 - -4) + 2?
17
(-25 + 17 - (1 - 7)) + -18
-20
What is (-7 - (-6 + -4) - 13) + (3 - 2)?
-9
What is the value of 14 + 5 - 60 - -39?
-2
Calculate (-1 - -3) + (-18 - (-1 + -4)).
-11
Evaluate -29 + -1 - (24 - (10 - -15 - 5)).
-34
Calculate -13 - -11 - (-27 - (-7 - -1 - 0)).
19
What is (8 - -1 - (4 - -5)) + 0?
0
Calculate (7 + -14 - -10) + 6.
9
What is the value of 12 + -27 + (23 - 6)?
2
-17 - (4 + -6 + -16 + 5)
-4
What is -1 + -4 - (-36 + (88 - 41))?
-16
-1 + 9 + 52 + -54 + -2
4
Calculate (21 - (14 + -17 + 2)) + 4.
26
Calculate (-40 - (-11 + -7)) + (3 - 7).
-26
What is 11 + (-43 + 9 - -12)?
-11
Evaluate 10 - 11 - 30 - -8 - (-5 + 4).
-22
What is the value of (26 - ((6 - 2) + 0) - 8) + 4?
18
15 + (5 - -15) + -39
-4
Evaluate -1 - (3 + (-17 - (-2 + 1) - -5)).
7
2 - (0 + -3) - (6 + 5 - 3)
-3
Evaluate 15 - (-6 + 5 + -4 + -6 + 11).
15
What is the value of (-9 - 0) + (0 - -2) + 4 + -1?
-4
26 + 15 + (-12 - -1) - 12
18
Calculate -1 - -23 - (130 + -111) - (19 + 1).
-17
Evaluate 3 + 3 + 2 + -4 - 5 - -2.
1
What is 10 + -3 + (4 - 4) + -14?
-7
Evaluate 2 - (-12 + 4 + 19 - 12).
3
(-37 - (-17 - 23)) + (0 - 21)
-18
(-67 - -25 - -44) + (-8 - 0)
-6
Calculate 13 + (-6 - (-4 + 2 + -15)).
24
Calculate 16 + -16 + -12 - -25.
13
16 + -28 - (42 + -38)
-16
What is -102 - -87 - (-12 - 0)?
-3
Evaluate -21 + 11 - (6 - (48 - (-3 + 1))).
34
Calculate 11 - (11 - (2 - 9)).
-7
What is (5 + -2 + -4 - 3) + (47 - 31)?
12
7 - (-1 + (2 - 6) + 10)
2
Calculate (1 - -1) + -9 + (8 - 6).
-5
Evaluate (-31 - -7) + (9 - 3).
-18
Evaluate (15 - (-3 - -31)) + 3.
-10
Evaluate 10 - 10 - ((-18 - -1) + 3).
14
Evaluate -7 + (-7 - -7) + 26 + (-2 - 7).
10
(36 - 27) + (3 - 5)
7
What is (-3 + 12 - 13) + (5 - 2) + 3?
2
What is the value of (-3 - -1) + (1 - 16